he remainder when g(-7) is divided by u?
11
Let i = -510 + 607. What is the remainder when 193 is divided by i?
96
Suppose 5*o = 4*o + 10. Suppose 0 = -2*a + h + o, -4*h + 29 - 6 = a. What is the remainder when 4/14 + (-1860)/(-105) is divided by a?
4
Suppose -2*g + 43 = 4*r - 1, 0 = r + 3*g - 1. Let i = -41 + 35. Calculate the remainder when (8/10)/(i/(-240)) is divided by r.
6
Suppose -8*b + 83 = 11. Let d(k) = 10*k + 1. Let u be d(1). Let w = u + 5. What is the remainder when w is divided by b?
7
Let z(o) = 10*o - 16. Let f = -13 - -24. Calculate the remainder when z(f) is divided by 24.
22
Let g(x) = 10*x - 2*x - 7 + 0 - x**2 + 6*x. Calculate the remainder when g(13) is divided by 3.
0
Suppose 0 = -5*s - v + 64, 5*v = -5*s + 4*s + 32. Let g(h) = -h**2 - 10*h + 7. What is the remainder when g(-8) is divided by s?
11
Suppose m - 726 = -4*v, 547 = 3*v + 4*m - 2*m. What is the remainder when v is divided by 56?
13
Let u(j) = -2*j + 17. What is the remainder when 54 is divided by u(-2)?
12
Suppose -5*r = 3*o - 29, 3 = o - r - 20. Calculate the remainder when 35 is divided by o*(4 - (-35)/(-10)).
8
Suppose -2*t = 4*k - 92, -t = k - 12 - 9. Calculate the remainder when k is divided by 7.
4
Let q = 2734 + -2674. What is the remainder when q is divided by 27?
6
Suppose 4*k = 89 + 95. Let s = k + -33. What is the remainder when s is divided by 5?
3
Suppose 0 = 6*s + 1 - 19. Suppose 6*i - 5*i + 3*d - 2 = 0, -s*i + 2*d = -39. What is the remainder when 54 is divided by i?
10
Let w = -437 - -446. What is the remainder when 179 is divided by w?
8
Suppose 0 = -2*y + p + 156, -8*y + 5*y + 247 = 5*p. Calculate the remainder when y is divided by (-8 - -13 - (0 - -1)) + 6.
9
Calculate the remainder when 32 is divided by (78/(-8))/(-3) + (-5)/20.
2
Suppose 0 = -36*h + 274 + 194. What is the remainder when 26 is divided by h?
0
Let u = 1443 - 100. Calculate the remainder when u is divided by 64.
63
Let x(n) = -2*n**3 - 3*n**2 + 17. Calculate the remainder when x(-5) is divided by 67.
58
Let h(i) = -2*i + 0*i + 1 + 22*i**2 + 66*i**2 - 6*i**2. Let b be h(1). Suppose -b = -5*j + 24. What is the remainder when 39 is divided by j?
18
Let i(y) = -7*y + 57. Let m = 97 + -90. What is the remainder when 10 is divided by i(m)?
2
Suppose 12*k - 1439 = 7*k - 4*r, 594 = 2*k - 3*r. What is the remainder when k is divided by 93?
12
Suppose -224*v = 5*s - 222*v - 180, 0 = 3*s + v - 109. Calculate the remainder when 68 is divided by s.
30
Let u = 14 + -3. Suppose 5*s = 2*d - u - 109, -d = -4*s - 60. Suppose -11*t + d = -8*t. Calculate the remainder when 37 is divided by t.
17
Suppose w - 5*d - 276 = 0, -1142 = -4*w + 5*d - 4*d. Calculate the remainder when w is divided by 12/30*5 - -39.
40
Suppose -4515 = -248*g + 241*g. What is the remainder when g is divided by 19?
18
Let u = 18 + -18. Suppose u = -5*p + 141 + 84. Suppose z + 12 = 2*z. Calculate the remainder when p is divided by z.
9
Let i(f) = 5*f**3 + f**2 + 4*f - 1. Let o = 41 - 39. Calculate the remainder when i(o) is divided by 14.
9
Suppose -17*u + 0*u = -2142. Calculate the remainder when u is divided by 32.
30
Suppose -14*u = -35 - 175. What is the remainder when 823 is divided by u?
13
Let i = -44 - -55. Calculate the remainder when i is divided by 6.
5
Calculate the remainder when 17105/22 - 6/(-12) is divided by 39.
37
Let f = 4 - 2. Calculate the remainder when -5*272/(-20)*(-3)/(-11 - 1) is divided by f.
1
Let g(h) = 331*h - 29. What is the remainder when g(1) is divided by 28?
22
Suppose 12*k - 4*k = 0. Suppose 3*y - 32 - 10 = k. Calculate the remainder when 26 is divided by y.
12
Let s = 655 - -53. What is the remainder when s is divided by 5?
3
Let i = 209 - 123. Calculate the remainder when i is divided by 11.
9
Let q(b) = -3*b - 6. Suppose 5*l - 4*l - 7 = -4*c, 0 = l - 2*c - 31. Calculate the remainder when l is divided by q(-6).
11
Suppose 18*d - 5*n + 19 = 22*d, -2*d + 8 = 4*n. Let c(l) = -l**3 + 3*l + 22. What is the remainder when c(0) is divided by d?
4
Let t(c) = -3*c - 10. Suppose 7*q = 3*q + 412. Let f = q - 48. Calculate the remainder when f is divided by t(-8).
13
Suppose 6*w = f + w + 14, 2*w - 4 = 0. Let i be ((-1)/(-3))/(((-10)/12)/(-5)). Let p = i - f. What is the remainder when 11 is divided by p?
5
Suppose 0 = -3*m + 12 - 6. Suppose -8 = -m*r - 0*r. Suppose 0 = -r*x + 39 + 17. Calculate the remainder when 40 is divided by x.
12
Let y be (-132)/(-48) - 5/(-4). Suppose b - 2*b + 62 = y*i, i = -4*b + 263. What is the remainder when b is divided by 2 + -3 - -2*9?
15
Suppose b + q - 6 = 0, -3*b + 14 = -2*q + q. Suppose 135 = -r + 6*r + b*u, 3*u + 111 = 3*r. Calculate the remainder when r is divided by 12.
8
Suppose m + g - 33 = 16, 2*m - 102 = -4*g. Suppose -674 = -b - 620. Suppose -v + b = -m. Calculate the remainder when v is divided by 26.
23
What is the remainder when 431 is divided by (-164)/52 + 3 - (-147825)/351?
10
Suppose -15*l + 7*l = 16. What is the remainder when 78 is divided by 3 - (-3 + l - 0)?
6
Let c be 0 - (-5 - -2) - -66. Suppose -13*h + 61 + c = 0. What is the remainder when (-1 - 0)*(-74)/2 is divided by h?
7
Let a be 8 - (-4 + (-24)/(-3)). Suppose o - 9 = -0. Suppose 1 = -a*y + o. What is the remainder when y is divided by 1?
0
Let l(m) = -m + 1. Let y be l(-2). Suppose 5*i - y*i = 6. Suppose 0 = -i*t + 41 - 8. Calculate the remainder when 65 is divided by t.
10
Let j(g) = -g**3 - 4*g**2 + g - 11. Let s be j(-5). Let v(l) = -s*l - l + l - 20. Calculate the remainder when 65 is divided by v(-6).
31
Let o(l) = 5*l**3 + 3*l**2 - 6*l + 5. Calculate the remainder when o(2) is divided by 10.
5
Let q(l) = -l**3 - 8*l**2 + 7*l - 6. Let k be (3/(-4))/((-8)/(-96)). What is the remainder when 59 is divided by q(k)?
11
Suppose -525 + 40 = -5*k + 4*s, 5*s = 0. Let t(c) = 6*c + 1. Let n be 2*1 + (-4)/(-2). What is the remainder when k is divided by t(n)?
22
Suppose -23*k = -25*k + 40. What is the remainder when 98 is divided by k?
18
Suppose -t + 34 = -19. What is the remainder when t is divided by 9?
8
Suppose -4*y = -s - 108, 9*y - s = 4*y + 136. What is the remainder when 78 is divided by y?
22
Let s(z) = -z**3 + 3*z**2 + 2*z + 9. Let a be s(4). Let b(p) = -17*p + 3. Let j be b(a). Calculate the remainder when 18 is divided by (-54)/j - 5/(-35).
2
Suppose z = 6*t - 3*t, -3*t - 3*z + 12 = 0. What is the remainder when -4*((-38)/4 - (0 - t)) is divided by 21?
13
Let o = 27 - 12. Let s(r) = -r**2 + 12*r - 8. Let m(p) = -p + 24. Let w be m(18). What is the remainder when s(w) is divided by o?
13
Suppose 9*s - 496 = s. Calculate the remainder when s is divided by 43.
19
Suppose 5*p = 5*q + 270, -q = 2*p + p - 158. Let k(g) = g**2 - g. Let f be k(1). Suppose 3*n - 2*n - 18 = f. Calculate the remainder when p is divided by n.
17
Suppose 0 = -a - 4*j + 2, -2 = -a - 3*j. Suppose -p = -0*p - a. Calculate the remainder when 42 is divided by 20 - -1 - p - -3.
20
Suppose -10*j + 5*j = 0. Suppose 0 = 4*i - 3*w - j*w - 76, 3*i - 78 = -3*w. Calculate the remainder when 43 is divided by i.
21
Let a(c) = c**3 - 9*c**2 - 8*c + 12. Calculate the remainder when a(10) is divided by 7.
4
Suppose -4*n + 66 = -246. Let x = 101 - n. What is the remainder when x is divided by 7?
2
Let w(p) = -p**2 + 34*p + 224. Let k be w(-6). Let x be -1 + 0 + 1 - -34. Let s = k + x. Calculate the remainder when 88 is divided by s.
16
Suppose 3*f + 23 = 29. Suppose -2*g - 4*q + 30 = 0, -4*g = -5*q - f + 7. Suppose -g*o - 22 = -6*o. Calculate the remainder when 64 is divided by o.
20
What is the remainder when (5 + -6)*1*-7 is divided by 4?
3
Let i = 2450 - 2382. What is the remainder when i is divided by 5?
3
Let a(q) = -10*q - 5. Calculate the remainder when a(-7) is divided by 11.
10
Let d(p) = -p + 21. What is the remainder when 69 is divided by d(2)?
12
Let a(t) = 72*t - 1. Let u be a(1). Let i = 87 - u. What is the remainder when 126 is divided by i?
14
Suppose -4*d + 4*h + 20 = 0, 3*h + 10 = 5*d - 13. Let l = 589 - 586. What is the remainder when d is divided by l?
1
Let f = 945 + -902. Calculate the remainder when 142 is divided by f.
13
Let i(q) = 2*q**2 + 6*q - 175. What is the remainder when i(-15) is divided by 32?
25
Let z = 23 - 11. Suppose -5*t - 2*q = -162, 5*t + 0*q - q = 159. What is the remainder when t 